5)/(-3) + 1/(-3). What is the highest common factor of f and o?
7
Suppose 4*h - 3*h = 3*q + 14, q = -2*h. Suppose h*y = 87 - 13. Let x = y - 36. What is the greatest common factor of 9 and x?
1
Suppose 10 = 6*m - 230. Calculate the greatest common factor of 320 and m.
40
Let v(q) = -176*q**3 - q**2 - 3*q - 1. Let z be v(-1). Suppose 178*x = z*x + 18. Calculate the greatest common factor of 18 and x.
18
Let p(g) = -18*g**3 + g**2 - g + 4. Let u be p(-2). Suppose -105 = -5*t + 5. Suppose 4*j = 3*j + t. What is the highest common factor of u and j?
22
Suppose 68*x - 108225 = 3*x. What is the greatest common divisor of x and 9?
9
Let w be (-530)/(-6) + (-4)/18*-3. Suppose w + 31 = 5*f. What is the highest common divisor of f and 6?
6
Let u(k) = -k**3 - k**2 - k + 4. Let x be u(0). Suppose 0 = m - 3*t - 255, 2*m - 384 - 116 = x*t. What is the highest common divisor of 30 and m?
30
Suppose 0*g + 104 = 5*h - g, 3*g + 18 = h. Suppose 19*a - 26*a = -147. What is the greatest common divisor of a and h?
21
Let w be (-2)/(-14) - 15/105. Let i = w + 8. Calculate the highest common factor of i and 40.
8
Suppose 2028 = 3*j - 3*d, 41*d = -3*j + 40*d + 2024. What is the highest common divisor of 100 and j?
25
Let q = 1318 + -1303. What is the highest common divisor of q and 670?
5
Let p be (-15)/2*(-24)/5. Let y = -32 + p. What is the greatest common factor of 36 and y?
4
Let r be 8/4 - 840/(-12). Let w = 4 - -4. What is the greatest common divisor of r and w?
8
Suppose -4*h - 5*x + 6 = -10, 4*h - x + 8 = 0. Let b be (-83)/(-2) + 3 + h/(-2). Calculate the greatest common divisor of 405 and b.
45
Suppose -3*d = 2*c - 6*d - 39, -3*c + 62 = -d. What is the greatest common factor of c and 105?
21
Suppose 33 = m + 3*q, m + 55*q - 36 = 51*q. What is the highest common divisor of m and 32?
8
Suppose -v = v - 176. Suppose 0 = -3*r - 2*y + 2, 3*r + 5*y + 2 = -r. Let x be 2/r*44/4. What is the greatest common divisor of v and x?
11
Suppose -4*k - 2 = 4*b + 2, b - k = 3. Let j be (-3)/1 + b + 14. Calculate the greatest common divisor of j and 108.
12
Suppose 5*k = -2*u + 31, 5*u - 4*k - 10 = -3*k. Suppose -4*z = r - 23, z - 27 = -3*z + 3*r. Let f = z - 5. What is the highest common factor of f and u?
1
Let u be (-12)/(-30) - (-3)/5. Calculate the highest common factor of u and 11.
1
Suppose 3*j + 3*o - 2215 + 67 = 0, -2*o = -3*j + 2143. What is the highest common factor of j and 22?
11
Suppose 5*k - 480 = 4*s, 12*s - 15 = 15*s. What is the greatest common divisor of k and 414?
46
Let x be 23 + (2 - 2) + 1. Let r be 2/(((-4)/(-714))/(-1)). Let p be 6/(-8) + r/(-28). What is the greatest common divisor of x and p?
12
Let h be ((-74)/3)/(52/(-24) + 2). Let w = h + -64. What is the greatest common factor of 12 and w?
12
Let p be 56*((-5)/2 + (-4)/(-2)). Let u = p + 43. Calculate the highest common divisor of 135 and u.
15
Let g(c) = c**3 - 6*c**2 + 13*c - 28. Let u be g(5). Calculate the greatest common factor of 444 and u.
12
Let z(a) = a**3 - 6*a**2 - 4*a - 6. Let u be z(5). Let i = -34 - u. Suppose -4*d + 417 = 9. What is the highest common factor of i and d?
17
Let j = -5 + 21. Suppose -4*x - 2*m = 3*m - 34, -2*x + 18 = 3*m. Let n be (0 + -12)/((-3)/x). What is the highest common divisor of n and j?
8
Let p be (-5)/2*(2 + (-14)/5). Suppose -l - 2*l - 5*m = -86, 5*m = l - p. What is the highest common divisor of l and 11?
11
Let o(b) = 13*b - 5. Let a be o(5). Suppose -63*l + 78 = -a*l. Calculate the highest common factor of l and 13.
13
Let t be 20/12*24/20. Let i be (-94)/(-6) - (2 + (-28)/12). What is the highest common divisor of t and i?
2
Suppose 2*j + 15 + 7 = h, 0 = 3*h + 5*j - 44. Suppose 70 = 3*q - 11. Calculate the greatest common factor of q and h.
9
Let n = 5 + 1. Suppose 0 = -2*h + n*h. Suppose -2*z + 10 + 14 = h. Calculate the greatest common divisor of 3 and z.
3
Let l be 8650/60 - (-10)/12. What is the greatest common factor of l and 5?
5
Suppose -4*p + 5*a + 3 = -2, 5*p - 40 = -5*a. Suppose 59 = -5*z - p*g + 264, g + 51 = z. What is the highest common factor of z and 23?
23
Let q(o) be the third derivative of 5*o**4/3 - o**3/3 + 10*o**2. Let f be q(2). Calculate the highest common factor of 195 and f.
39
Suppose 4*n + 4895 = 17223. Calculate the greatest common divisor of 46 and n.
46
Suppose 2*r = -4*v - 0*r + 8, -v + r = -2. Suppose 0 = 4*j + v*j - 24. Calculate the highest common divisor of 2 and j.
2
Let i(p) = 2*p**3 - 8*p**2 + 10*p + 6. Let r be i(3). Let q(t) = -t**3 - 11*t**2 - 13*t - 6. Let u be q(-10). What is the greatest common factor of r and u?
6
Let x = -39 - -51. Let q(l) = 14*l + 9*l + 2*l + 3 + x*l. Let z be q(2). What is the highest common factor of z and 11?
11
Suppose 21 = 10*j - 8*j + 3*m, 5*m = j - 4. Calculate the highest common factor of j and 108.
9
Let s be (-3)/(-5)*(-13600)/(-85). Calculate the highest common factor of s and 120.
24
Suppose 2*b = 0, -u - 2*b + 56 = -5*u. Let l = -8 - u. Let t = -1366 - -1370. Calculate the greatest common divisor of l and t.
2
Let l be (-4)/(-16)*0*1. Suppose l = h - 4*h + 24. Suppose -2*n + 0*n + h = 0. What is the highest common divisor of n and 36?
4
Suppose -g + 14 = -4*o, 0 = -3*g - 4*o - 0*o + 42. What is the greatest common factor of g and 63?
7
Let k = -323 - -641. Calculate the highest common factor of k and 6.
6
Suppose 24 = -3*b + 7*b. Let y(k) = -k + 3. Let h be y(2). Let g = h + b. What is the greatest common factor of g and 35?
7
Let u = 4 + -1. Suppose 6 = 3*x - u. Suppose 2*i + 262 = 4*b, 3*b + b - x*i = 261. Calculate the highest common factor of b and 6.
6
Suppose -5*y + 14 = -4*y. Suppose -45*n + 41*n + 28 = 0. What is the greatest common divisor of n and y?
7
Suppose 3*l = -d + 38 - 3, -4*d + 195 = l. Suppose 10 = -u - 4*h, -19*u - 12*h + 7*h + 165 = 0. Calculate the highest common factor of d and u.
10
Suppose 0 = 3*f + f - 2*w + 108, -4*w - 74 = 2*f. Let h = f + 44. Calculate the highest common factor of h and 120.
15
Let l(r) = -146*r - 666. Let t be l(-5). Let w = 24 + 8. Suppose -2*f - 2*f + w = 0. Calculate the greatest common factor of f and t.
8
Let y = -16 + 37. Suppose 0 = 2*d + 12 + 14. Let h = d + 55. Calculate the greatest common divisor of h and y.
21
Suppose -3*s + 5*o + 38 = -2*s, 2*o + 4 = 0. Suppose s = 2*g - 4*v, -v = 5*g + 2*v - 44. Calculate the greatest common divisor of 15 and g.
5
Let g = 23 - 19. Suppose 4*x - 76 = -g*p, -4*x + 3*p = -0*p - 55. Calculate the highest common factor of x and 112.
16
Let d(v) = 41*v - 7. Let q be d(2). Let n be ((-120)/q)/(2/(-30)). What is the greatest common divisor of n and 16?
8
Let x(l) = -15*l - 612. Let i be x(-42). Calculate the highest common factor of 108 and i.
18
Suppose -7023 = -7*k - 6834. What is the highest common factor of k and 612?
9
Let l(x) = x**3 - 19*x**2 + 19*x - 12. Let g be l(18). Let t be -7*(-1 + (-22)/14). Calculate the highest common divisor of g and t.
6
Let k = -56 + 102. What is the highest common divisor of 14 and k?
2
Suppose w - 4 = -y, 0 = -371*y + 368*y + 3*w + 36. Let a(u) = 15*u - 4. Let v be a(4). Calculate the highest common factor of y and v.
8
Let a be 246/(-42) + 6 + 4479/7. What is the highest common divisor of 10 and a?
10
Let b = -46 - -51. Suppose 40 = b*t + 25. Suppose 0 = 2*h - 45 - 21. Calculate the greatest common divisor of t and h.
3
Suppose -4*d = -3*b - 1612, 3*d - 6*b + b = 1198. What is the greatest common factor of 58 and d?
58
Let b(a) = -a + 6. Let d be b(3). Suppose 4*s - d*w - 31 = 25, -28 = -2*s - 2*w. Let t be 336/49 + 2/s. Calculate the highest common factor of 56 and t.
7
Suppose -6*x - 552 = -29*x. Calculate the greatest common divisor of x and 456.
24
Suppose 4*d + c + 2*c - 98 = 0, -c = -5*d + 113. What is the greatest common divisor of 115 and d?
23
Let w(j) = 22*j + 393. Let t be w(-14). What is the highest common divisor of 136 and t?
17
Let c be (-5)/(-14)*-2 + 60/(-210). Let f be (-33)/((-5 - -8)/c). Calculate the greatest common divisor of 22 and f.
11
Let o be (-27 + 18)/((-6)/10). Suppose v + 55 = -3*q, -v - 4*q - 49 = -7*q. Let k = 157 + v. What is the highest common divisor of o and k?
15
Let r(a) = 6*a**2 - 12*a + 9. Let t be r(3). Calculate the greatest common divisor of t and 63.
9
Let h(q) = -4*q**3 - q**2 - 2*q - 2. Let i be h(-1